{"id":2638,"date":"2024-08-30T11:59:18","date_gmt":"2024-08-30T09:59:18","guid":{"rendered":"https:\/\/lecorpsasesraisons.fr\/?page_id=2638"},"modified":"2026-08-30T17:12:43","modified_gmt":"2026-08-30T15:12:43","slug":"ateliers-du-dimanche","status":"publish","type":"page","link":"https:\/\/lecorpsasesraisons.fr\/index.php\/ateliers-du-dimanche\/","title":{"rendered":"ateliers du dimanche"},"content":{"rendered":"\n<h2 class=\"wp-block-heading\"><a href=\"https:\/\/lecorpsasesraisons.fr\/index.php\/infos-pratique\/\" target=\"_blank\" rel=\"noreferrer noopener\"><\/a><a href=\"https:\/\/lecorpsasesraisons.fr\/index.php\/infos-pratique\/\" target=\"_blank\" rel=\"noreferrer noopener\">Salle Koufra<\/a><\/h2>\n\n\n\n<h2 class=\"wp-block-heading\">2026-2027 : Au fil des saisons<\/h2>\n\n\n\n<p><strong>de 14h30 \u00e0 17h30<\/strong><\/p>\n\n\n\n<p>Dimanche 4 Octobre : s&rsquo;ancrer dans l&rsquo;automne<\/p>\n\n\n\n<p><strong>Sous r\u00e9serve de la disponibilit\u00e9 de la salle : <\/strong><br>Dimanche 17 Janvier : au c\u0153ur de l&rsquo;hiver<br>Dimanche 14 Mars : le printemps avant l&rsquo;heure<br>Dimanche 11 Avril : en option, pas de th\u00e8me encore<br>Dimanche 6 juin : un avant go\u00fbt d&rsquo;\u00e9t\u00e9<\/p>\n\n\n\n<div class=\"wp-block-columns is-layout-flex wp-container-core-columns-is-layout-1 wp-block-columns-is-layout-flex\">\n<div class=\"wp-block-column is-layout-flow wp-block-column-is-layout-flow\">\n<p><strong>Inscriptions helloasso :<\/strong><br>Le paiement sur place en ch\u00e8ques ou esp\u00e8ces est toujours possible : contact@lecorpsasesraisons.fr 0762470773<\/p>\n<\/div>\n\n\n\n<div class=\"wp-block-column is-layout-flow wp-block-column-is-layout-flow\">\n<div class=\"wp-block-buttons is-content-justification-center is-layout-flex wp-container-core-buttons-is-layout-1 wp-block-buttons-is-layout-flex\">\n<div class=\"wp-block-button\"><a class=\"wp-block-button__link has-luminous-vivid-orange-background-color has-background has-text-align-center wp-element-button\" href=\"https:\/\/www.helloasso.com\/associations\/le-corps-a-ses-raisons\/boutiques\/dimanches-2026-2027\" target=\"_blank\" rel=\"noreferrer noopener\">helloasso dimanche<\/a><\/div>\n<\/div>\n<\/div>\n<\/div>\n\n\n\n<p>Contre pub : Cette ann\u00e9e <a href=\"https:\/\/www.marine-simon.com\/\">Marine Simon<\/a> organise aussi des stages pour le passage des saisons,  avec musiciens en live d\u00e8s qu&rsquo;elle assez de monde,  suivez l\u00e0 ! <br>Nos approches sont diff\u00e9rentes et c&rsquo;est si rare d&rsquo;avoir des musiciens, profitez-en^^<\/p>\n\n\n\n<p class=\"has-text-align-center\">&#8212;&#8212;&#8212;&#8212;&#8212;&#8212;&#8212;&#8212;&#8212;&#8212;&#8212;&#8212;&#8212;&#8212;&#8212;&#8212;&#8212;&#8212;&#8212;&#8212;&#8212;&#8212;&#8212;&#8212;&#8212;&#8212;&#8212;&#8212;&#8212;&#8212;&#8212;&#8212;&#8212;&#8212;&#8212;&#8212;&#8212;&#8212;&#8212;&#8212;&#8212;-<\/p>\n\n\n\n<p class=\"has-text-align-center\"><\/p>\n\n\n\n<h2 class=\"wp-block-heading\">2025-2026<\/h2>\n\n\n\n<p><br>10 mai 2026 <br>19 avril 2026 <br>8 mars 2026 : lien aux autres &#8211; donner\/recevoir<br>11 janvier 2026 C\u00e9l\u00e9bration de la nouvelle ann\u00e9e et \u00ab\u00a0contre-r\u00e9solution\u00a0\u00bb<\/p>\n\n\n\n<p><strong>07 d\u00e9cembre 2025 <\/strong>:  \u00ab\u00a0lien aux autres, donner\/recevoir\u00a0\u00bb <br>Tarif solo : 30\u20ac ou Duo 50\u20ac + Adh\u00e9sion(s)<\/p>\n\n\n\n<p><strong>16 novembre<strong> 2025 <\/strong> <\/strong>: \u00ab\u00a0que puis-je faire ? playlist sp\u00e9ciale militant.e.s\u00a0\u00bb<br><strong>05 octobre <strong> 2025 <\/strong> : <\/strong>\u00ab\u00a0body-storming, un patchwork dans\u00e9\u00a0\u00bb <br>une guidance pleine de petits tips pour faire de notre corps notre meilleur alli\u00e9.<br><\/p>\n\n\n\n<p class=\"has-text-align-center\">&#8212;&#8212;&#8212;&#8212;&#8212;&#8212;&#8212;&#8212;&#8212;&#8212;&#8212;&#8212;&#8212;&#8212;&#8212;&#8212;&#8212;&#8212;&#8212;&#8212;&#8212;&#8212;&#8212;&#8212;&#8212;&#8212;&#8212;&#8212;&#8212;&#8212;&#8212;&#8212;&#8212;&#8212;&#8212;&#8212;&#8212;&#8212;&#8212;&#8212;&#8212;-<\/p>\n\n\n\n<h4 class=\"wp-block-heading\">Le moyen le plus sur d&rsquo;avoir nos dates est de s&rsquo;inscrire \u00e0 notre news letter : <\/h4>\n\n\n\n<div class=\"wp-block-buttons is-content-justification-center is-layout-flex wp-container-core-buttons-is-layout-2 wp-block-buttons-is-layout-flex\">\n<div class=\"wp-block-button\"><a class=\"wp-block-button__link wp-element-button\" href=\"https:\/\/lecorpsasesraisons.fr\/index.php\/infos-pratique\/#bottom\">En cliquant ici<\/a><\/div>\n<\/div>\n\n\n\n<p class=\"has-text-align-center\">&#8212;&#8212;&#8212;&#8212;&#8212;&#8212;&#8212;&#8212;&#8212;&#8212;&#8212;&#8212;&#8212;&#8212;&#8212;&#8212;&#8212;&#8212;&#8212;&#8212;&#8212;&#8212;&#8212;&#8212;&#8212;&#8212;&#8212;&#8212;&#8212;&#8212;&#8212;&#8212;&#8212;&#8212;&#8212;&#8212;&#8212;&#8212;&#8212;&#8212;&#8212;-<\/p>\n\n\n\n<h3 class=\"wp-block-heading\"><strong>Souvenirs souvenirs&#8230; C&rsquo;est par ici : <a href=\"https:\/\/lecorpsasesraisons.fr\/index.php\/actus\/\">Archives<\/a><\/strong><br><\/h3>\n","protected":false},"excerpt":{"rendered":"<p>Salle Koufra 2026-2027 : Au fil des saisons de 14h30 \u00e0 17h30 Dimanche 4 Octobre : s&rsquo;ancrer dans l&rsquo;automne Sous r\u00e9serve de la disponibilit\u00e9 de la salle : Dimanche 17 Janvier : au c\u0153ur de l&rsquo;hiverDimanche 14 Mars : le printemps avant l&rsquo;heureDimanche 11 Avril : en option, pas de th\u00e8me encoreDimanche 6 juin : [&hellip;]<\/p>\n","protected":false},"author":1,"featured_media":0,"parent":0,"menu_order":0,"comment_status":"closed","ping_status":"closed","template":"","meta":{"footnotes":""},"_links":{"self":[{"href":"https:\/\/lecorpsasesraisons.fr\/index.php\/wp-json\/wp\/v2\/pages\/2638"}],"collection":[{"href":"https:\/\/lecorpsasesraisons.fr\/index.php\/wp-json\/wp\/v2\/pages"}],"about":[{"href":"https:\/\/lecorpsasesraisons.fr\/index.php\/wp-json\/wp\/v2\/types\/page"}],"author":[{"embeddable":true,"href":"https:\/\/lecorpsasesraisons.fr\/index.php\/wp-json\/wp\/v2\/users\/1"}],"replies":[{"embeddable":true,"href":"https:\/\/lecorpsasesraisons.fr\/index.php\/wp-json\/wp\/v2\/comments?post=2638"}],"version-history":[{"count":56,"href":"https:\/\/lecorpsasesraisons.fr\/index.php\/wp-json\/wp\/v2\/pages\/2638\/revisions"}],"predecessor-version":[{"id":3518,"href":"https:\/\/lecorpsasesraisons.fr\/index.php\/wp-json\/wp\/v2\/pages\/2638\/revisions\/3518"}],"wp:attachment":[{"href":"https:\/\/lecorpsasesraisons.fr\/index.php\/wp-json\/wp\/v2\/media?parent=2638"}],"curies":[{"name":"wp","href":"https:\/\/api.w.org\/{rel}","templated":true}]}}

<h2 class="wp-block-heading"><a href="https://lecorpsasesraisons.fr/index.php/infos-pratique/" target="_blank" rel="noreferrer noopener"></a><a href="https://lecorpsasesraisons.fr/index.php/infos-pratique/" target="_blank" rel="noreferrer noopener">Salle Koufra</a></h2>



<h2 class="wp-block-heading">2026-2027 : Au fil des saisons</h2>



<p><strong>de 14h30 à 17h30</strong></p>



<p>Dimanche 4 Octobre : s&rsquo;ancrer dans l&rsquo;automne</p>



<p><strong>Sous réserve de la disponibilité de la salle : </strong><br>Dimanche 17 Janvier : au cœur de l&rsquo;hiver<br>Dimanche 14 Mars : le printemps avant l&rsquo;heure<br>Dimanche 11 Avril : en option, pas de thème encore<br>Dimanche 6 juin : un avant goût d&rsquo;été</p>



<div class="wp-block-columns is-layout-flex wp-container-core-columns-is-layout-1 wp-block-columns-is-layout-flex">
<div class="wp-block-column is-layout-flow wp-block-column-is-layout-flow">
<p><strong>Inscriptions helloasso :</strong><br>Le paiement sur place en chèques ou espèces est toujours possible : contact@lecorpsasesraisons.fr 0762470773</p>
</div>



<div class="wp-block-column is-layout-flow wp-block-column-is-layout-flow">
<div class="wp-block-buttons is-content-justification-center is-layout-flex wp-container-core-buttons-is-layout-1 wp-block-buttons-is-layout-flex">
<div class="wp-block-button"><a class="wp-block-button__link has-luminous-vivid-orange-background-color has-background has-text-align-center wp-element-button" href="https://www.helloasso.com/associations/le-corps-a-ses-raisons/boutiques/dimanches-2026-2027" target="_blank" rel="noreferrer noopener">helloasso dimanche</a></div>
</div>
</div>
</div>



<p>Contre pub : Cette année <a href="https://www.marine-simon.com/">Marine Simon</a> organise aussi des stages pour le passage des saisons,  avec musiciens en live dès qu&rsquo;elle assez de monde,  suivez là ! <br>Nos approches sont différentes et c&rsquo;est si rare d&rsquo;avoir des musiciens, profitez-en^^</p>



<p class="has-text-align-center">&#8212;&#8212;&#8212;&#8212;&#8212;&#8212;&#8212;&#8212;&#8212;&#8212;&#8212;&#8212;&#8212;&#8212;&#8212;&#8212;&#8212;&#8212;&#8212;&#8212;&#8212;&#8212;&#8212;&#8212;&#8212;&#8212;&#8212;&#8212;&#8212;&#8212;&#8212;&#8212;&#8212;&#8212;&#8212;&#8212;&#8212;&#8212;&#8212;&#8212;&#8212;-</p>



<p class="has-text-align-center"></p>



<h2 class="wp-block-heading">2025-2026</h2>



<p><br>10 mai 2026 <br>19 avril 2026 <br>8 mars 2026 : lien aux autres &#8211; donner/recevoir<br>11 janvier 2026 Célébration de la nouvelle année et « contre-résolution »</p>



<p><strong>07 décembre 2025 </strong>:  « lien aux autres, donner/recevoir » <br>Tarif solo : 30€ ou Duo 50€ + Adhésion(s)</p>



<p><strong>16 novembre<strong> 2025 </strong> </strong>: « que puis-je faire ? playlist spéciale militant.e.s »<br><strong>05 octobre <strong> 2025 </strong> : </strong>« body-storming, un patchwork dansé » <br>une guidance pleine de petits tips pour faire de notre corps notre meilleur allié.<br></p>



<p class="has-text-align-center">&#8212;&#8212;&#8212;&#8212;&#8212;&#8212;&#8212;&#8212;&#8212;&#8212;&#8212;&#8212;&#8212;&#8212;&#8212;&#8212;&#8212;&#8212;&#8212;&#8212;&#8212;&#8212;&#8212;&#8212;&#8212;&#8212;&#8212;&#8212;&#8212;&#8212;&#8212;&#8212;&#8212;&#8212;&#8212;&#8212;&#8212;&#8212;&#8212;&#8212;&#8212;-</p>



<h4 class="wp-block-heading">Le moyen le plus sur d&rsquo;avoir nos dates est de s&rsquo;inscrire à notre news letter : </h4>



<div class="wp-block-buttons is-content-justification-center is-layout-flex wp-container-core-buttons-is-layout-2 wp-block-buttons-is-layout-flex">
<div class="wp-block-button"><a class="wp-block-button__link wp-element-button" href="https://lecorpsasesraisons.fr/index.php/infos-pratique/#bottom">En cliquant ici</a></div>
</div>



<p class="has-text-align-center">&#8212;&#8212;&#8212;&#8212;&#8212;&#8212;&#8212;&#8212;&#8212;&#8212;&#8212;&#8212;&#8212;&#8212;&#8212;&#8212;&#8212;&#8212;&#8212;&#8212;&#8212;&#8212;&#8212;&#8212;&#8212;&#8212;&#8212;&#8212;&#8212;&#8212;&#8212;&#8212;&#8212;&#8212;&#8212;&#8212;&#8212;&#8212;&#8212;&#8212;&#8212;-</p>



<h3 class="wp-block-heading"><strong>Souvenirs souvenirs&#8230; C&rsquo;est par ici : <a href="https://lecorpsasesraisons.fr/index.php/actus/">Archives</a></strong><br></h3>

<p>Salle Koufra 2026-2027 : Au fil des saisons de 14h30 à 17h30 Dimanche 4 Octobre : s&rsquo;ancrer dans l&rsquo;automne Sous réserve de la disponibilité de la salle : Dimanche 17 Janvier : au cœur de l&rsquo;hiverDimanche 14 Mars : le printemps avant l&rsquo;heureDimanche 11 Avril : en option, pas de thème encoreDimanche 6 juin : [&hellip;]</p>
