{"id":258,"date":"2018-07-06T08:20:38","date_gmt":"2018-07-06T06:20:38","guid":{"rendered":"http:\/\/lecorpsasesraisons.fr\/?page_id=258"},"modified":"2025-08-21T18:33:24","modified_gmt":"2025-08-21T16:33:24","slug":"danses-africaines-2","status":"publish","type":"page","link":"https:\/\/lecorpsasesraisons.fr\/index.php\/danses-africaines-2\/","title":{"rendered":"Danses africaines"},"content":{"rendered":"\n<h2 class=\"wp-block-heading\">Stage de danse afro-impro 2025<\/h2>\n\n\n\n<h2 class=\"wp-block-heading\">semaine du<strong> lundi 25 au vendredi 29 Aout 2025<\/strong><br><strong> 19h30 &#8211; 21h30<\/strong><\/h2>\n\n\n\n<p class=\"has-vivid-red-color has-text-color has-link-color wp-elements-f342e68e12c9616b1a716c9fb9456af9\">Et c&rsquo;est reparti pour une semaine de recentrage avant la rentr\u00e9e !<\/p>\n\n\n\n<div class=\"wp-block-columns is-layout-flex wp-container-core-columns-is-layout-1 wp-block-columns-is-layout-flex\">\n<div class=\"wp-block-column is-layout-flow wp-block-column-is-layout-flow\">\n<p><strong>tous les soirs SAUF MARDI dans la belle salle de la MQ botti\u00e8re<\/strong><br>147 route de ste luce 44300 Nantes<br>Tram 1 : Souillarderie<\/p>\n<\/div>\n\n\n\n<div class=\"wp-block-column is-layout-flow wp-block-column-is-layout-flow\">\n<p><strong>le mardi soir<\/strong><br>On retrouve notre fief habituel : <strong>la salle koufra<\/strong><br>Bus C1 arret \u00ab\u00a0chocolaterie\u00a0\u00bb<\/p>\n<\/div>\n<\/div>\n\n\n\n<p class=\"has-vivid-red-color has-text-color has-link-color wp-elements-1c43f0addba97dd382a83e8614589486\">Objectifs p\u00e9dagogiques :<\/p>\n\n\n\n<p>\ud83c\udf1fEn cette fin d&rsquo;\u00e9t\u00e9 une semaine pour envisager la rentr\u00e9e avec un nouveau souffle<br>\ud83c\udf1f s\u2019impr\u00e9gner de la puissance des danses africaines, Int\u00e9grer cette \u00e9nergie gr\u00e2ce \u00e0 la r\u00e9p\u00e9tition des mouvements jusqu\u2019\u00e0 l\u2019improvisation qui vous emm\u00e8ne \u00e0 une danse singuli\u00e8re o\u00f9 chaque \u00eatre unique trouve toute sa place <\/p>\n\n\n\n<p>\ud83d\udd25 20 \u00e0 30 min de r\u00e9veil corporel au sol, tout en douceur <br>\ud83d\udd25 10\u00e0 20 d&rsquo;\u00e9chauffement debout avec des diagonales et des moments improvis\u00e9s<br>\ud83d\udd25 apprentissage d&rsquo;une petite chor\u00e9graphie qui servira de support \u00e0 l&rsquo;improvisation<br>\ud83d\udd25 des diagonales pour int\u00e9grer la chor\u00e9graphie et donner des id\u00e9es d&rsquo;improvisation<br>\ud83d\udd25improvisations guid\u00e9es, les propositions seront un peu moins libre que dans les ateliers et cours habituels mais vous aurez la possibilit\u00e9 de vous exprimer selon votre degr\u00e9 d&rsquo;app\u00e9tence \u00e0 la libert\u00e9^^<\/p>\n\n\n\n<p class=\"has-vivid-red-color has-text-color has-link-color wp-elements-e7a09abc7f37c736cdb954cc0331ac34\"><strong>Accompagn\u00e9s d&rsquo;un ou deux musiciens <\/strong><\/p>\n\n\n\n<p class=\"has-vivid-red-color has-text-color has-link-color wp-elements-c3325e1f1a53fd95cf93bde8cae223cd\">Plus vous serez nombreux.ses plus ils viendront souvent !  <\/p>\n\n\n\n<div class=\"wp-block-columns is-layout-flex wp-container-core-columns-is-layout-2 wp-block-columns-is-layout-flex\">\n<div class=\"wp-block-column is-layout-flow wp-block-column-is-layout-flow\">\n<div class=\"wp-block-superb-addons-reveal-buttons is-layout-flex wp-block-reveal-buttons-is-layout-flex\"><\/div>\n\n\n\n<div class=\"wp-block-buttons is-content-justification-center is-layout-flex wp-container-core-buttons-is-layout-1 wp-block-buttons-is-layout-flex\">\n<div class=\"wp-block-button\"><a class=\"wp-block-button__link wp-element-button\" href=\"https:\/\/www.helloasso.com\/associations\/le-corps-a-ses-raisons\/boutiques\/stage-de-danse-afro-impro-2025\" target=\"_blank\" rel=\"noreferrer noopener\">Inscription hello asso<\/a><\/div>\n<\/div>\n<\/div>\n\n\n\n<div class=\"wp-block-column is-layout-flow wp-block-column-is-layout-flow\">\n<figure class=\"wp-block-image alignleft size-full is-resized\"><img loading=\"lazy\" decoding=\"async\" width=\"600\" height=\"600\" src=\"https:\/\/lecorpsasesraisons.fr\/wp-content\/uploads\/2025\/06\/qrcode-hello-asso-ete-2025.png\" alt=\"\" class=\"wp-image-3032\" style=\"width:90px;height:auto\" srcset=\"https:\/\/lecorpsasesraisons.fr\/wp-content\/uploads\/2025\/06\/qrcode-hello-asso-ete-2025.png 600w, https:\/\/lecorpsasesraisons.fr\/wp-content\/uploads\/2025\/06\/qrcode-hello-asso-ete-2025-300x300.png 300w, https:\/\/lecorpsasesraisons.fr\/wp-content\/uploads\/2025\/06\/qrcode-hello-asso-ete-2025-150x150.png 150w\" sizes=\"(max-width: 600px) 100vw, 600px\" \/><\/figure>\n<\/div>\n<\/div>\n\n\n\n<p><br>adh\u00e9sion 5\u20ac<br>un soir : 25\u20ac<br>3 soirs : 60\u20ac<br>semaine enti\u00e8re 80\u20ac<\/p>\n\n\n\n<p class=\"has-text-align-center\">&#8212;&#8212;&#8212;&#8212;&#8212;&#8212;&#8212;&#8212;&#8212;&#8212;&#8212;&#8212;&#8212;&#8212;&#8212;&#8212;&#8212;&#8212;&#8212;&#8212;&#8212;&#8212;&#8212;&#8212;&#8212;&#8212;&#8212;&#8212;&#8212;-<\/p>\n\n\n\n<p><\/p>\n\n\n\n<h3 class=\"wp-block-heading\"><strong>semaine du 29 juillet au 02 Aout 2024<br>Stage de danse afro-impro<\/strong><\/h3>\n\n\n\n<p>Nous apprendrons de simples mouvements chor\u00e9graphi\u00e9s incluant les techniques de bases en danses africaines Nous utiliserons ces apprentissages \u00e0 travers des exercices d&rsquo;improvisation, comme une m\u00e9ditation cr\u00e9ative o\u00f9 chacun.e puise dans les ressources donn\u00e9es pour adoucir sa propre histoire, d\u00e9velopper sa propre force et transmettre \u00e0 son tour de bonnes vibrations!<\/p>\n\n\n\n<p>Limit\u00e9 \u00e0 16 personnes<\/p>\n\n\n\n<h3 class=\"wp-block-heading\"><strong>Stage de danse afro-contemporaine<\/strong> <br><strong>Mercredi 25, jeudi 26 et vendredi 27 Aout 2023<br>19h-21h<\/strong><\/h3>\n\n\n\n<p>L\u2019\u00e9t\u00e9 touche \u00e0 sa fin, il nous faut reprendre le train-train quotidien. Et pourquoi pas envisager la rentr\u00e9e avec un nouveau souffle?<\/p>\n\n\n<h2><span style=\"font-size: 24pt;\">Techniques de base en danses africaines<\/span><\/h2>\n<h1 class=\"entry-title\"><span style=\"color: #800000;\"><span style=\"font-size: 18pt;\">Du lundi 26 au vendredi 30 aout 2019<br \/><\/span><span style=\"font-size: 18pt;\">Tous les soirs de 19h \u00e0 20h30<\/span><\/span><\/h1>\n<p>Une semaine pour se mettre en forme avant la rentr\u00e9e, tout en douceur&#8230;<br \/>Voir ou revoir les fondamentaux dans la r\u00e9p\u00e9tition et le d\u00e9tail des mouvements<\/p>\n<ul>\n<li><em>placement du bassin,<\/em><\/li>\n<li><em>mobilit\u00e9 de la colonne vert\u00e9brale,<\/em><\/li>\n<li><em>coordination,<\/em><\/li>\n<li><em>Musicalit\u00e9&#8230;<\/em><\/li>\n<\/ul>\n<p>Maison de quartier botti\u00e8re<br \/>147 Route de Sainte-Luce<br \/>44300 Nantes<br \/>Tramway souillarderie<\/p>\n<p><strong><span style=\"color: #666699;\"><a style=\"color: #666699;\" href=\"https:\/\/lecorpsasesraisons.fr\/index.php\/tarifs\/#afro\" target=\"_blank\" rel=\"noopener noreferrer\">Tarifs ICI<\/a><\/span><\/strong><\/p>\n<p>Propos\u00e9 par Sandrine Gallois, titulaire d\u2019un monitorat de danses afro-am\u00e9ricaines et 15 ans d\u2019exp\u00e9rience des danses africaines.<\/p>\n<hr \/>\n<h3>Danses africaines pour d\u00e9butants(es) Du 27 au 31 Ao\u00fbt 2018<\/h3>\n<p>Vous vous \u00eates d\u00e9j\u00e0 inscrit.e\u00a0un cours de danse africaine mais avez abandonn\u00e9 pour mille et une raisons?<!--more--><br \/><a id=\"particuliers\"><\/a>Vous voulez vous inscrire \u00e0 un cours r\u00e9gulier mais vous h\u00e9sitez pour mille et une raisons ?<\/p>\n<p><strong><span style=\"color: #666699;\"><em>Ce stage est l\u00e0 pour poser les bases dans la r\u00e9p\u00e9tition et le d\u00e9tail des mouvements afin que votre prochaine inscription soit une r\u00e9ussite.<\/em><\/span><\/strong><br \/><strong><span style=\"color: #666699;\"><em> Au programme, chor\u00e9graphie simple, placement du bassin, mobilit\u00e9 de la colonne vert\u00e9brale, musicalit\u00e9&#8230;<\/em><\/span><\/strong><\/p>\n<p>Propos\u00e9 par Sandrine Gallois, titulaire d&rsquo;un monitorat de danses afro-am\u00e9ricaines et 15 ans d&rsquo;exp\u00e9rience des danses africaines.<\/p>\n<hr \/>\n<h2 class=\"entry-title\">Cours particuliers<\/h2>\n<p>L&rsquo;association propose des cours particuliers de danses africaines pour les femmes ou petits groupes.<br \/>Sur demande. Contactez-nous !<\/p>\n\n\n<p><\/p>\n\n\n\n<p><\/p>\n\n\n\n<p><\/p>\n\n\n\n<p><\/p>\n","protected":false},"excerpt":{"rendered":"<p>Stage de danse afro-impro 2025 semaine du lundi 25 au vendredi 29 Aout 2025 19h30 &#8211; 21h30 Et c&rsquo;est reparti pour une semaine de recentrage avant la rentr\u00e9e ! tous les soirs SAUF MARDI dans la belle salle de la MQ botti\u00e8re147 route de ste luce 44300 NantesTram 1 : Souillarderie le mardi soirOn retrouve [&hellip;]<\/p>\n","protected":false},"author":1,"featured_media":0,"parent":0,"menu_order":0,"comment_status":"closed","ping_status":"closed","template":"","meta":{"footnotes":""},"_links":{"self":[{"href":"https:\/\/lecorpsasesraisons.fr\/index.php\/wp-json\/wp\/v2\/pages\/258"}],"collection":[{"href":"https:\/\/lecorpsasesraisons.fr\/index.php\/wp-json\/wp\/v2\/pages"}],"about":[{"href":"https:\/\/lecorpsasesraisons.fr\/index.php\/wp-json\/wp\/v2\/types\/page"}],"author":[{"embeddable":true,"href":"https:\/\/lecorpsasesraisons.fr\/index.php\/wp-json\/wp\/v2\/users\/1"}],"replies":[{"embeddable":true,"href":"https:\/\/lecorpsasesraisons.fr\/index.php\/wp-json\/wp\/v2\/comments?post=258"}],"version-history":[{"count":90,"href":"https:\/\/lecorpsasesraisons.fr\/index.php\/wp-json\/wp\/v2\/pages\/258\/revisions"}],"predecessor-version":[{"id":3182,"href":"https:\/\/lecorpsasesraisons.fr\/index.php\/wp-json\/wp\/v2\/pages\/258\/revisions\/3182"}],"wp:attachment":[{"href":"https:\/\/lecorpsasesraisons.fr\/index.php\/wp-json\/wp\/v2\/media?parent=258"}],"curies":[{"name":"wp","href":"https:\/\/api.w.org\/{rel}","templated":true}]}}

<h2 class="wp-block-heading">Stage de danse afro-impro 2025</h2>



<h2 class="wp-block-heading">semaine du<strong> lundi 25 au vendredi 29 Aout 2025</strong><br><strong> 19h30 &#8211; 21h30</strong></h2>



<p class="has-vivid-red-color has-text-color has-link-color wp-elements-f342e68e12c9616b1a716c9fb9456af9">Et c&rsquo;est reparti pour une semaine de recentrage avant la rentrée !</p>



<div class="wp-block-columns is-layout-flex wp-container-core-columns-is-layout-1 wp-block-columns-is-layout-flex">
<div class="wp-block-column is-layout-flow wp-block-column-is-layout-flow">
<p><strong>tous les soirs SAUF MARDI dans la belle salle de la MQ bottière</strong><br>147 route de ste luce 44300 Nantes<br>Tram 1 : Souillarderie</p>
</div>



<div class="wp-block-column is-layout-flow wp-block-column-is-layout-flow">
<p><strong>le mardi soir</strong><br>On retrouve notre fief habituel : <strong>la salle koufra</strong><br>Bus C1 arret « chocolaterie »</p>
</div>
</div>



<p class="has-vivid-red-color has-text-color has-link-color wp-elements-1c43f0addba97dd382a83e8614589486">Objectifs pédagogiques :</p>



<p>🌟En cette fin d&rsquo;été une semaine pour envisager la rentrée avec un nouveau souffle<br>🌟 s’imprégner de la puissance des danses africaines, Intégrer cette énergie grâce à la répétition des mouvements jusqu’à l’improvisation qui vous emmène à une danse singulière où chaque être unique trouve toute sa place </p>



<p>🔥 20 à 30 min de réveil corporel au sol, tout en douceur <br>🔥 10à 20 d&rsquo;échauffement debout avec des diagonales et des moments improvisés<br>🔥 apprentissage d&rsquo;une petite chorégraphie qui servira de support à l&rsquo;improvisation<br>🔥 des diagonales pour intégrer la chorégraphie et donner des idées d&rsquo;improvisation<br>🔥improvisations guidées, les propositions seront un peu moins libre que dans les ateliers et cours habituels mais vous aurez la possibilité de vous exprimer selon votre degré d&rsquo;appétence à la liberté^^</p>



<p class="has-vivid-red-color has-text-color has-link-color wp-elements-e7a09abc7f37c736cdb954cc0331ac34"><strong>Accompagnés d&rsquo;un ou deux musiciens </strong></p>



<p class="has-vivid-red-color has-text-color has-link-color wp-elements-c3325e1f1a53fd95cf93bde8cae223cd">Plus vous serez nombreux.ses plus ils viendront souvent !  </p>



<div class="wp-block-columns is-layout-flex wp-container-core-columns-is-layout-2 wp-block-columns-is-layout-flex">
<div class="wp-block-column is-layout-flow wp-block-column-is-layout-flow">
<div class="wp-block-superb-addons-reveal-buttons is-layout-flex wp-block-reveal-buttons-is-layout-flex"></div>



<div class="wp-block-buttons is-content-justification-center is-layout-flex wp-container-core-buttons-is-layout-1 wp-block-buttons-is-layout-flex">
<div class="wp-block-button"><a class="wp-block-button__link wp-element-button" href="https://www.helloasso.com/associations/le-corps-a-ses-raisons/boutiques/stage-de-danse-afro-impro-2025" target="_blank" rel="noreferrer noopener">Inscription hello asso</a></div>
</div>
</div>



<div class="wp-block-column is-layout-flow wp-block-column-is-layout-flow">
<figure class="wp-block-image alignleft size-full is-resized"><img loading="lazy" decoding="async" width="600" height="600" src="https://lecorpsasesraisons.fr/wp-content/uploads/2025/06/qrcode-hello-asso-ete-2025.png" alt="" class="wp-image-3032" style="width:90px;height:auto" srcset="https://lecorpsasesraisons.fr/wp-content/uploads/2025/06/qrcode-hello-asso-ete-2025.png 600w, https://lecorpsasesraisons.fr/wp-content/uploads/2025/06/qrcode-hello-asso-ete-2025-300x300.png 300w, https://lecorpsasesraisons.fr/wp-content/uploads/2025/06/qrcode-hello-asso-ete-2025-150x150.png 150w" sizes="(max-width: 600px) 100vw, 600px" /></figure>
</div>
</div>



<p><br>adhésion 5€<br>un soir : 25€<br>3 soirs : 60€<br>semaine entière 80€</p>



<p class="has-text-align-center">&#8212;&#8212;&#8212;&#8212;&#8212;&#8212;&#8212;&#8212;&#8212;&#8212;&#8212;&#8212;&#8212;&#8212;&#8212;&#8212;&#8212;&#8212;&#8212;&#8212;&#8212;&#8212;&#8212;&#8212;&#8212;&#8212;&#8212;&#8212;&#8212;-</p>



<p></p>



<h3 class="wp-block-heading"><strong>semaine du 29 juillet au 02 Aout 2024<br>Stage de danse afro-impro</strong></h3>



<p>Nous apprendrons de simples mouvements chorégraphiés incluant les techniques de bases en danses africaines Nous utiliserons ces apprentissages à travers des exercices d&rsquo;improvisation, comme une méditation créative où chacun.e puise dans les ressources données pour adoucir sa propre histoire, développer sa propre force et transmettre à son tour de bonnes vibrations!</p>



<p>Limité à 16 personnes</p>



<h3 class="wp-block-heading"><strong>Stage de danse afro-contemporaine</strong> <br><strong>Mercredi 25, jeudi 26 et vendredi 27 Aout 2023<br>19h-21h</strong></h3>



<p>L’été touche à sa fin, il nous faut reprendre le train-train quotidien. Et pourquoi pas envisager la rentrée avec un nouveau souffle?</p>


<h2><span style="font-size: 24pt;">Techniques de base en danses africaines</span></h2>
<h1 class="entry-title"><span style="color: #800000;"><span style="font-size: 18pt;">Du lundi 26 au vendredi 30 aout 2019<br /></span><span style="font-size: 18pt;">Tous les soirs de 19h à 20h30</span></span></h1>
<p>Une semaine pour se mettre en forme avant la rentrée, tout en douceur&#8230;<br />Voir ou revoir les fondamentaux dans la répétition et le détail des mouvements</p>
<ul>
<li><em>placement du bassin,</em></li>
<li><em>mobilité de la colonne vertébrale,</em></li>
<li><em>coordination,</em></li>
<li><em>Musicalité&#8230;</em></li>
</ul>
<p>Maison de quartier bottière<br />147 Route de Sainte-Luce<br />44300 Nantes<br />Tramway souillarderie</p>
<p><strong><span style="color: #666699;"><a style="color: #666699;" href="https://lecorpsasesraisons.fr/index.php/tarifs/#afro" target="_blank" rel="noopener noreferrer">Tarifs ICI</a></span></strong></p>
<p>Proposé par Sandrine Gallois, titulaire d’un monitorat de danses afro-américaines et 15 ans d’expérience des danses africaines.</p>
<hr />
<h3>Danses africaines pour débutants(es) Du 27 au 31 Août 2018</h3>
<p>Vous vous êtes déjà inscrit.e un cours de danse africaine mais avez abandonné pour mille et une raisons?<!--more--><br /><a id="particuliers"></a>Vous voulez vous inscrire à un cours régulier mais vous hésitez pour mille et une raisons ?</p>
<p><strong><span style="color: #666699;"><em>Ce stage est là pour poser les bases dans la répétition et le détail des mouvements afin que votre prochaine inscription soit une réussite.</em></span></strong><br /><strong><span style="color: #666699;"><em> Au programme, chorégraphie simple, placement du bassin, mobilité de la colonne vertébrale, musicalité&#8230;</em></span></strong></p>
<p>Proposé par Sandrine Gallois, titulaire d&rsquo;un monitorat de danses afro-américaines et 15 ans d&rsquo;expérience des danses africaines.</p>
<hr />
<h2 class="entry-title">Cours particuliers</h2>
<p>L&rsquo;association propose des cours particuliers de danses africaines pour les femmes ou petits groupes.<br />Sur demande. Contactez-nous !</p>


<p></p>



<p></p>



<p></p>



<p></p>

<p>Stage de danse afro-impro 2025 semaine du lundi 25 au vendredi 29 Aout 2025 19h30 &#8211; 21h30 Et c&rsquo;est reparti pour une semaine de recentrage avant la rentrée ! tous les soirs SAUF MARDI dans la belle salle de la MQ bottière147 route de ste luce 44300 NantesTram 1 : Souillarderie le mardi soirOn retrouve [&hellip;]</p>
